, 3, 1531
List the prime factors of 1748.
2, 19, 23
What are the prime factors of 3181?
3181
List the prime factors of 97.
97
What are the prime factors of 7962?
2, 3, 1327
What are the prime factors of 31003?
7, 43, 103
List the prime factors of 694.
2, 347
What are the prime factors of 847?
7, 11
What are the prime factors of 145043?
145043
What are the prime factors of 236?
2, 59
What are the prime factors of 610?
2, 5, 61
List the prime factors of 652.
2, 163
What are the prime factors of 17723?
37, 479
What are the prime factors of 4233?
3, 17, 83
What are the prime factors of 4499?
11, 409
What are the prime factors of 1913?
1913
What are the prime factors of 556?
2, 139
List the prime factors of 5285.
5, 7, 151
List the prime factors of 3050.
2, 5, 61
What are the prime factors of 7736?
2, 967
What are the prime factors of 86101?
29, 2969
List the prime factors of 27478.
2, 11, 1249
What are the prime factors of 24867?
3, 307
List the prime factors of 10608.
2, 3, 13, 17
List the prime factors of 869.
11, 79
List the prime factors of 1919.
19, 101
List the prime factors of 111085.
5, 13, 1709
What are the prime factors of 843?
3, 281
What are the prime factors of 92460?
2, 3, 5, 23, 67
List the prime factors of 2370.
2, 3, 5, 79
List the prime factors of 8865.
3, 5, 197
List the prime factors of 4322.
2, 2161
What are the prime factors of 82075?
5, 7, 67
List the prime factors of 3858.
2, 3, 643
What are the prime factors of 1678?
2, 839
List the prime factors of 4357.
4357
List the prime factors of 82028.
2, 20507
List the prime factors of 8223.
3, 2741
List the prime factors of 3786.
2, 3, 631
List the prime factors of 66780.
2, 3, 5, 7, 53
List the prime factors of 18587.
18587
What are the prime factors of 956?
2, 239
What are the prime factors of 1334?
2, 23, 29
List the prime factors of 1105.
5, 13, 17
What are the prime factors of 78533?
7, 13, 863
List the prime factors of 2992.
2, 11, 17
What are the prime factors of 556?
2, 139
List the prime factors of 1638.
2, 3, 7, 13
What are the prime factors of 7763?
7, 1109
What are the prime factors of 2444?
2, 13, 47
List the prime factors of 8130.
2, 3, 5, 271
List the prime factors of 12552.
2, 3, 523
What are the prime factors of 6510?
2, 3, 5, 7, 31
What are the prime factors of 179?
179
List the prime factors of 7432.
2, 929
What are the prime factors of 68200?
2, 5, 11, 31
List the prime factors of 15425.
5, 617
What are the prime factors of 5053?
31, 163
List the prime factors of 1211.
7, 173
List the prime factors of 15572.
2, 17, 229
List the prime factors of 15532.
2, 11, 353
List the prime factors of 91738.
2, 45869
List the prime factors of 48649.
48649
List the prime factors of 749.
7, 107
List the prime factors of 13053.
3, 19, 229
What are the prime factors of 18282?
2, 3, 11, 277
What are the prime factors of 2333?
2333
What are the prime factors of 16986?
2, 3, 19, 149
List the prime factors of 9977.
11, 907
What are the prime factors of 19466?
2, 9733
List the prime factors of 28216.
2, 3527
List the prime factors of 7768.
2, 971
What are the prime factors of 6275?
5, 251
What are the prime factors of 1020?
2, 3, 5, 17
What are the prime factors of 3788?
2, 947
List the prime factors of 4568.
2, 571
What are the prime factors of 17850?
2, 3, 5, 7, 17
What are the prime factors of 26120?
2, 5, 653
List the prime factors of 65916.
2, 3, 1831
What are the prime factors of 40509?
3, 7, 643
List the prime factors of 51.
3, 17
List the prime factors of 1432.
2, 179
What are the prime factors of 449?
449
What are the prime factors of 10463?
10463
What are the prime factors of 14760?
2, 3, 5, 41
What are the prime factors of 4502?
2, 2251
List the prime factors of 4599.
3, 7, 73
What are the prime factors of 19655?
5, 3931
What are the prime factors of 65?
5, 13
List the prime factors of 26932.
2, 6733
What are the prime factors of 7390?
2, 5, 739
What are the prime factors of 382?
2, 191
List the prime factors of 14607.
3, 541
What are the prime factors of 11976?
2, 3, 499
List the prime factors of 137946.
2, 3, 83, 277
List the prime factors of 197.
197
What are the prime factors of 17223?
3, 5741
List the prime factors of 24636.
2, 3, 2053
List the prime factors of 2148.
2, 3, 179
List the prime factors of 1768.
2, 13, 17
What are the prime factors of 2761?
11, 251
What are the prime factors of 29433?
3, 9811
What are the prime factors of 93114?
2, 3, 7, 739
List the prime factors of 314.
2, 157
What are the prime factors of 94920?
2, 3, 5, 7, 113
What are the prime factors of 944?
2, 59
What are the prime factors of 5421?
3, 13, 139
List the prime factors of 42.
2, 3, 7
What are the prime factors of 2877?
3, 7, 137
List the prime factors of 1547.
7, 13, 17
What are the prime factors of 20153?
7, 2879
List the prime factors of 11823.
3, 7, 563
What are the prime factors of 71?
71
List the prime factors of 808.
2, 101
What are the prime factors of 3521?
7, 503
What are the prime factors of 698?
2, 349
List the prime factors of 356.
2, 89
List the prime factors of 142904.
2, 17863
What are the prime factors of 995?
5, 199
List the prime factors of 60563.
71, 853
List the prime factors of 35382.
2, 3, 5897
What are the prime factors of 16113?
3, 41, 131
List the prime factors of 15291.
3, 1699
List the prime factors of 7301.
7, 149
List the prime factors of 5379.
3, 11, 163
What are the prime factors of 62579?
11, 5689
What are the prime factors of 11439?
3, 31, 41
List the prime factors of 847.
7, 11
What are the prime factors of 222?
2, 3, 37
What are the prime factors of 6448?
2, 13, 31
List the prime factors of 65226.
2, 3, 7, 1553
List the prime factors of 5329.
73
What are the prime factors of 30989?
7, 19, 233
List the prime factors of 43015.
5, 7, 1229
What are the prime factors of 1536?
2, 3
List the prime factors of 3581.
3581
What are the prime factors of 1939?
7, 277
List the prime factors of 13788.
2, 3, 383
What are the prime factors of 21212?
2, 5303
What are the prime factors of 65902?
2, 83, 397
What are the prime factors of 107066?
2, 17, 47, 67
What are the prime factors of 51796?
2, 23, 563
List the prime factors of 19687.
19687
What are the prime factors of 4170?
2, 3, 5, 139
What are the prime factors of 36394?
2, 31, 587
What are the prime factors of 22616?
2, 11, 257
List the prime factors of 21336.
2, 3, 7, 127
List the prime factors of 3696.
2, 3, 7, 11
List the prime factors of 13046.
2, 11, 593
What are the prime factors of 951?
3, 317
List the prime factors of 64128.
2, 3, 167
What are the prime factors of 23152?
2, 1447
List the prime factors of 2414.
2, 17, 71
List the prime factors of 39644.
2, 11, 17, 53
List the prime factors of 47836.
2, 11959
What are the prime factors of 1269?
3, 47
What are the prime factors of 9345?
3, 5, 7, 89
What are the prime factors of 58?
2, 29
List the prime factors of 225.
3, 5
What are the prime factors of 669?
3, 223
List the prime factors of 107.
107
List the prime factors of 53380.
2, 5, 17, 157
List the prime factors of 31648.
2, 23, 43
List the prime factors of 2397.
3, 17, 47
List the prime factors of 795.
3, 5, 53
What are the prime factors of 1842?
2, 3, 307
What are the prime factors of 79128?
2, 3, 7, 157
List the prime factors of 634.
2, 317
What are the prime factors of 4941?
3, 61
What are the prime factors of 28393?
28393
List the prime factors of 14284.
2, 3571
List the prime factors of 3597.
3, 11, 109
What are the prime factors of 1809?
3, 67
List the prime factors of 97835.
5, 17, 1151
What are the prime factors of 190?
2, 5, 19
List the prime factors of 11548.
2, 2887
What are the prime factors of 3256?
2, 11, 37
What are the prime factors of 3003?
3, 7, 11, 13
What are the prime factors of 51345?
3, 5, 7, 163
What are the prime factors of 9619?
9619
List the prime factors of 791.
7, 113
What are the prime factors of 64052?
2, 67, 239
What are the prime factors of 1338?
2, 3, 223
List the prime factors of 96.
2, 3
What are the prime factors of 97130?
2, 5, 11, 883
What are the prime factors of 55389?
3, 37, 499
What are the prime factors of 4340?
2, 5, 7, 31
List the prime factors of 6779.
6779
What are the prime factors of 4692?
2, 3, 17, 23
What are the prime factors of 132400?
2, 5, 3